r of v and 3465?
77
Suppose -47 = -10*g + 3. Suppose -g*i + 19 + 6 = 0. Suppose -4*z - 2*x = -i*z + 5, 4*z = -4*x + 80. What is the highest common divisor of z and 105?
15
Let f = 3206 + -2873. Calculate the greatest common divisor of f and 135.
9
Let b(w) = -65*w + 299. Let k be b(-5). Calculate the greatest common factor of k and 36.
12
Let i be 15/(-9)*(112/(-20) + 2). Suppose i*b - 320 = -260. Calculate the greatest common factor of b and 5.
5
Let c(s) = s**3 + 3*s**2 - 11*s + 10. Let k be c(5). Suppose 4*m = m - 3, -u = 5*m - k. Let j = u - 129. What is the greatest common factor of j and 31?
31
Suppose 0 = -5*y + 4*c + 60, 0 = -2*y + 5*c - 4 + 11. Let m = 20 + -34. Let l = y + m. Calculate the greatest common divisor of 1 and l.
1
Let c be (-84)/420 + (-1)/((-5)/36). Suppose 4*q - 54 = 6*q. Let p = q - -55. Calculate the greatest common divisor of c and p.
7
Suppose 45*q = -39*q + 73164. Calculate the greatest common divisor of 201 and q.
67
Let m = 290 - 442. Let y = -82 - m. Calculate the greatest common divisor of y and 10.
10
Let p = 2 - -6. Suppose 2*i + 12*f = 10*f + 74, 0 = -2*f + 10. Calculate the highest common factor of i and p.
8
Let i = 1149 + -1137. What is the greatest common divisor of 117 and i?
3
Let r(m) = m**3 - 6*m**2 - 47*m + 313. Let v be r(9). Calculate the highest common divisor of v and 35.
7
Suppose 0 = -1670*m + 1693*m - 138. What is the highest common divisor of 2913 and m?
3
Suppose 0 = -5*m - 3*m + 2*m. Suppose -5*g + 778 - 148 = m. Suppose 18 = 2*k - d - 15, 5 = -d. What is the greatest common factor of k and g?
14
Let d = -5830 - -5925. Let u(r) = r**3 + 9*r**2 - r - 11. Let f be u(-9). Let x be 38*(-2)/(-4 - f). What is the highest common factor of x and d?
19
Suppose -j + 2*w + 19 = -0*w, 0 = 2*w + 8. Let s(q) = -5*q - 7. Let l be s(-2). Suppose 0 = l*b - 5*b + 176. Calculate the highest common divisor of b and j.
11
Let f(y) = 2*y**3 + 28*y**2 + 71*y. Let i be f(-4). Calculate the highest common factor of i and 244.
4
Suppose -5493 = 244*j - 249*j + k, 5*k - 2181 = -2*j. Calculate the highest common divisor of 3 and j.
3
Suppose -9*i - 3*u + 17 = -4*i, -4*u = i. Suppose 1187 = i*g + 3*a, 0 = g - 3*a - 0*a - 308. Calculate the highest common divisor of g and 39.
13
Let j be ((-28)/(-7) - -3) + 3. Suppose -9*q = -j*q + 2*r + 19, 4*q = 2*r + 46. What is the highest common divisor of 72 and q?
9
Let a be 39/26 - (-1)/2. Suppose 3*d - d + 60 = 2*c, a*d = -c + 39. Suppose -91 = -3*s - 25. What is the highest common factor of s and c?
11
Let n be (-2)/(-8)*(221 + -1). Suppose 0 = -21*u + 10*u + n. What is the greatest common divisor of 55 and u?
5
Let z(t) = -2*t**3 + 24*t**2 - 15*t - 1. Let o be z(10). Let y = o + -219. What is the greatest common factor of 75 and y?
15
Suppose -76*v - 5*v + 27*v = -14094. Suppose 93 = 2*y - 23. What is the highest common divisor of y and v?
29
Let v be (-98)/(-1) - (0 + -4). Let d(z) = 2*z**2 + 11*z - 98. Let w be d(-16). What is the highest common divisor of v and w?
34
Suppose 4*f - d = 13, -3*d = 2*f - 3*f - 5. Suppose -f*k - 144 = -10*k. Calculate the highest common divisor of k and 24.
24
Let k = -36 + 94. Let j = 63 - k. Suppose 0 = 5*s + o - j*o - 75, o = -5. Calculate the greatest common divisor of 77 and s.
11
Suppose -15*z + 6*z - 1161 = 0. Let u = z - -201. Let g be -2*(11/(-2) - -1). Calculate the highest common factor of u and g.
9
Suppose 0 = -56*v + 381 + 4995. Calculate the highest common factor of 198 and v.
6
Let w(f) = -f**3 - 41*f**2 - 163*f - 1796. Let m be w(-40). What is the highest common factor of m and 8?
4
Let d = -2 + 24. Suppose 174*o + 167 = 175*o - 4*a, 0 = -9*a - 54. Calculate the highest common factor of d and o.
11
Let k = -3702 - -4177. Calculate the highest common factor of k and 38.
19
Let z(h) = -5*h**3 + 4*h**2 + 5*h - 20. Let p be z(-4). Let n = p - -342. Calculate the greatest common factor of n and 14.
14
Suppose -z - 93 = 30*z. Let a(s) = 73*s**2 - s + 3. Let y be a(z). What is the greatest common divisor of y and 102?
51
Let x(k) = 3*k**2 - 34*k - 176. Let u be x(-4). Calculate the highest common factor of u and 142.
2
Suppose 2*u + 1756 = 4*r, -21*r + 5*u = -18*r - 1310. What is the greatest common divisor of r and 920?
40
Let c = -17 - -41. Let u(g) = 2*g + 630. Let n be u(-21). What is the highest common factor of n and c?
12
Let u = -395 - -487. Let k = 98 + -94. What is the highest common factor of u and k?
4
Let x(n) = 94*n + 1. Let j be x(2). Let l be 54/7 + 54/j. Calculate the greatest common factor of l and 136.
8
Let l = 49 + -44. Suppose -6*o - q + 7 = -3*o, -2*q = -l*o + 30. Suppose 6*c + 60 = 228. What is the highest common factor of c and o?
4
Let m(q) = 6*q**2 - 159*q + 8. Let d be m(-3). Calculate the greatest common factor of 847 and d.
77
Let a = -84 + 95. Let y = a + 38. Let c = -6 + y. What is the greatest common factor of c and 344?
43
Let f = 3387 - 2665. Calculate the greatest common divisor of f and 76.
38
Let t(w) = -28*w + 1339. Let k be t(16). Calculate the highest common divisor of 54 and k.
27
Suppose -3*f = -5*f + 10. Suppose 4*d + 3*a + 9 = 0, -5*d + 2*a = f*a + 9. Suppose 2*j - 10 - 30 = d. Calculate the greatest common factor of 60 and j.
20
Let c = -289 - -295. Suppose 4*n - 32 - c = 3*f, -26 = -2*n - 2*f. What is the greatest common factor of 3 and n?
1
Let u(f) = 69*f**2 - 48*f + 265. Let v be u(5). What is the highest common factor of 42 and v?
14
Let u = -166 + 168. Suppose -4*l - 3*a + 3313 = 0, u*a = 5*l - 3*l - 1646. Calculate the greatest common factor of 14 and l.
14
Suppose 0 = 2*f + 57 - 79. Suppose 12*i - f*i - 60 = 0. Calculate the greatest common factor of i and 20.
20
Let m be (-60)/(-55) + 1560/264. Calculate the greatest common factor of m and 14357.
7
Suppose 5*f + 25 = -2*k + 6*k, 0 = -5*f - 5. Let a = 2719 + -2719. Suppose -10*x - k + 225 = a. Calculate the highest common factor of 110 and x.
22
Suppose 86*h = 76*h - 4854 + 20674. Calculate the greatest common divisor of h and 28.
14
Suppose -23149 = -157*p + 7466. Calculate the highest common factor of 11505 and p.
195
Suppose -2*d + 5*q + 302 + 507 = 0, 5*d + 3*q - 2069 = 0. Suppose -3*m + 3*r - 36 = -351, -r = 3*m - 307. What is the greatest common divisor of d and m?
103
Let z(l) = 6*l + 127. Let v be z(-21). Let a be 15 + 5 + v/(-1). What is the greatest common divisor of 817 and a?
19
Let s(l) = -20*l - 81. Let g be s(-5). Let n = 417 - 398. What is the highest common factor of n and g?
19
Let u(r) = -r**2 - 20*r - 19. Let j be u(-13). Suppose 4*h - 2*h = j. Suppose 3*o = 2*n - 105, 10 - 8 = 2*o. Calculate the highest common divisor of n and h.
18
Suppose -16*d = -d - 45. Let n(s) = 21*s**2 + 5*s - 20. Let q be n(d). What is the greatest common factor of q and 23?
23
Let q = 3091 + -3059. What is the greatest common divisor of q and 12080?
16
Suppose 3*d - 34 = 101. Suppose 3*j + 3*z = 12, 145*z - 142*z + 60 = 5*j. What is the highest common factor of d and j?
9
Suppose 4235 = 2*q - 299*d + 304*d, -2*q - 2*d + 4238 = 0. Calculate the greatest common factor of 40 and q.
40
Suppose 62 = 59*k - 4*k - 1478. Suppose 6 = 2*n - 4*n. Let u(x) = -18*x + 2. Let c be u(n). Calculate the highest common divisor of k and c.
28
Let d = 3118 - 3114. What is the highest common divisor of 628 and d?
4
Suppose q + d = 248, -493 - 6 = -2*q - 3*d. Suppose -5*a - 224 = -12*a. Let b be a/80 - 976/(-10). Calculate the greatest common factor of q and b.
49
Suppose 2*a - 896 = -2*a. Suppose -4*x - 2*u + 153 = 35, 10 = -2*u. What is the highest common factor of x and a?
32
Suppose l - 3*h - 32 = -2*h, -3*l - 5*h = -80. Let i be 6/9 - (-21)/9. What is the greatest common factor of l and i?
3
Suppose 54*u - 2*k + 86 = 58*u, 0 = -2*k + 5*k - 3. Suppose -6 = -2*w, 4*l - 4*w + 3*w - 333 = 0. Calculate the highest common factor of l and u.
21
Suppose 5 = -19*n + 157. Let j be 115 - 9/3 - (-12)/3. What is the highest common divisor of j and n?
4
Let w = 11238 - 6660. What is the greatest common divisor of w and 42?
42
Let r be (17/(-119) - 27711/(-35)) + (-18)/(-45). What is the highest common divisor of 720 and r?
72
Let h(q) = q**3 + q**2 - 17*q - 788. Let m be h(0). Let g = 872 + m. What is the highest common factor of g and 60?
12
Let k(s) = 611*s